rs of a.
3, 7
Suppose 83 = -16*b + 17*b. List the prime factors of b.
83
Let m be 2*10/12*-6. Let i = m - -14. What are the prime factors of i?
2
Let j be 402/(-9) - 3/9. List the prime factors of (-72)/j - 2/(-5).
2
Suppose 4*r + 12 = 4*h - 0*h, 17 = -4*r + 5*h. Let g be r - -1*(3 - -1). Let o = g + -3. List the prime factors of o.
3
Let o(z) = -z**3 + 6*z**2 - 5*z. Let f be o(5). Let t(g) = -3 + 0 + f - 2 + g. List the prime factors of t(9).
2
Let t(k) = -9*k**2 + 6*k**2 + 3 - 2. Let v be t(-1). Let n = 5 + v. List the prime factors of n.
3
Suppose 4*o = -0*o + 48. What are the prime factors of o?
2, 3
Suppose -94*n + 89*n = -245. List the prime factors of n.
7
Let g be 2/(-6)*(3 - 9). Suppose g*q - 42 = -3*a - 0*a, 0 = 2*a + q - 27. List the prime factors of a.
2, 3
Suppose -2*f + f + 3 = 0. Let w(j) = 3*j**2 + j + 3. Let u be w(3). Suppose r + u = f*m - 5, -54 = -4*m + 3*r. List the prime factors of m.
2, 3
Let n(w) = 7*w**2 - w. Suppose 5 = -5*q - 0. What are the prime factors of n(q)?
2
Suppose -3*y = -3 - 0. Let n = -2 + y. List the prime factors of (n + 2/4)*-4.
2
Let b be (27/(-4))/(2/(-8)). Let g = -4 + b. What are the prime factors of g?
23
Let p = 59 - 48. What are the prime factors of p?
11
Suppose -8 = v - 4*z, -3*v - z - z = -18. Suppose 0 = 5*s - v*f + 3*f - 16, -s - 5*f = -24. Suppose s*x = 5*x - 3. What are the prime factors of x?
3
Let v(c) be the third derivative of c**6/120 + c**5/60 - c**4/4 + c**3/2 + 3*c**2. Let l be v(4). Suppose -4*o = -l + 19. What are the prime factors of o?
2, 5
Let i(b) = -b**2 - 6*b + 3. Let t be i(-6). Suppose -t*u + 21 + 39 = 0. Suppose 3*f = -5*r + u, -3*r = f - 2 - 2. List the prime factors of f.
2, 5
Suppose 60 = 3*n - 2*q, -57 = -7*n + 4*n + 3*q. What are the prime factors of n?
2, 11
Suppose 3*i = -2*p + 14, 8 = -3*i + 4*p + 34. What are the prime factors of i?
2, 3
Let r be 0 - 2 - 7/(-1). Suppose -r*a = -4*a. Let f = a - -4. What are the prime factors of f?
2
Let t be (2 + -5)*(-1)/(-1). Let a = t - -2. Let l(q) = 11*q**2 - 2*q - 1. List the prime factors of l(a).
2, 3
Suppose 0 = -3*n + 3*p + 372, -115 = -6*n + 5*n + 4*p. What are the prime factors of n?
127
Suppose -s + 4*s + 36 = 0. List the prime factors of -2 - (3 + s) - 2.
5
Let k = -1 - -2. Let s = k + 2. Suppose 0*r - 36 = -s*r. What are the prime factors of r?
2, 3
Let a = 11 + -46. Let b = 54 + a. What are the prime factors of b?
19
Suppose -q = -4*q + 75. Suppose -4*h + 0*d + 5*d = q, 0 = -3*h - 2*d + 10. Suppose h = -r + 6 + 9. What are the prime factors of r?
3, 5
Let f(c) be the third derivative of c**5/60 - 7*c**4/24 + 3*c**3/2 - 8*c**2. List the prime factors of f(10).
3, 13
Let c = 26 + -16. Suppose 3*p = 5*p + c. Let s(t) = -2*t + 3. List the prime factors of s(p).
13
Suppose -2*z + 77 - 28 = 3*y, 5*z - 5*y - 60 = 0. Suppose 120 = 5*r - 0*r. Let j = r - z. List the prime factors of j.
7
Suppose -29 = -2*w - 0*c - 3*c, -c - 3 = 0. Suppose -2*y + w = -1. What are the prime factors of y?
2, 5
Let q = 34 - 4. What are the prime factors of q?
2, 3, 5
List the prime factors of 40 - -1 - (-6 - -9).
2, 19
Let h(q) be the third derivative of -q**4/6 - 4*q**3/3 - 3*q**2. What are the prime factors of h(-6)?
2
Let a be (2 - 4)/((-4)/6). Suppose -6*r + 105 = -r. Suppose a = 3*w - r. What are the prime factors of w?
2
Let k(t) = 3*t**2 - 3*t + 8. List the prime factors of k(-8).
2, 7
Suppose -4*n + 8 = -2*n. Suppose n*w - 24 = 4. What are the prime factors of w?
7
Let t(x) = x**3 - 11*x**2 - 12*x + 9. Let z = 38 + -26. List the prime factors of t(z).
3
Let x = 5 + -3. What are the prime factors of 14 - (-1)/(-1)*x?
2, 3
Suppose -10*m = -11*m + 29. List the prime factors of m.
29
Suppose -3*t = -7 - 2. Let c = t - 3. What are the prime factors of (c - 1/(-2))*4?
2
Suppose -u + 3 = 1. Let r be -5 + 3 - (u - -13). Let s = 28 + r. What are the prime factors of s?
11
Suppose 52*v - 75 = 51*v. List the prime factors of v.
3, 5
Let w = -15 + 50. What are the prime factors of w?
5, 7
Let d = -63 + 175. List the prime factors of d.
2, 7
Let l be (1*-2)/(1 - 2). Suppose l*z = 4*x - z - 114, 4*z = -3*x + 73. List the prime factors of x.
3
Let d be ((-2)/3)/(12/306). What are the prime factors of (-1)/1 + d/(-1)?
2
Let j be ((-2)/3)/(1/(-6)). Let q = 4 + j. Suppose -q*u = -3*u - 35. List the prime factors of u.
7
Let x = -68 + 96. List the prime factors of x.
2, 7
Let z = 271 - 160. List the prime factors of z.
3, 37
Let u(n) = -n**2 + 17*n - 17. What are the prime factors of u(15)?
13
List the prime factors of (-1586)/(-10) - 4/(-10).
3, 53
Suppose 3*f - 5*f - 44 = 0. Let z = 10 - f. List the prime factors of z.
2
Let m(s) = 2*s + 4. Let a be m(2). Suppose 45 = 13*y - a*y. What are the prime factors of y?
3
Let y = -68 - -142. List the prime factors of y.
2, 37
Suppose -2*p = -6*p + 472. What are the prime factors of p?
2, 59
Let o(x) = -x - 1. Let i be o(-4). Suppose 5*f - i*q = 174 - 41, -2*q + 95 = 3*f. What are the prime factors of f?
29
Let k(h) be the first derivative of 4*h**2 - 1/3*h**3 + 7*h + 1. What are the prime factors of k(8)?
7
Suppose -20 = 4*c, 2*c - 9 = -2*p - 3. Suppose -2*k = 2*k - p. List the prime factors of k.
2
Let l be 2*(1 + -2) + 2. Suppose -5*i + 0*i + 305 = l. What are the prime factors of i?
61
Let u(t) = 3*t**2 - 2*t + 8. List the prime factors of u(-8).
2, 3
Let m be 1/(-3) + (-92)/12. Let x be 2/5 - m/5. What are the prime factors of x - (2 - (-2 - -6))?
2
Let s = -13 + 40. What are the prime factors of s?
3
Let q(l) = -88*l. Let x be q(-1). Suppose d + 3*s + 113 = 6*d, 4*d - 3*s - x = 0. What are the prime factors of d?
5
What are the prime factors of 804/30*(-10)/(-4)?
67
Let x be 119 - -2*(-2)/(-4). What are the prime factors of (-16)/(-6)*x/16?
2, 5
Let b = -1 + 6. Suppose -3*i - 27 = -2*z + b, -5*i - 20 = 0. List the prime factors of z.
2, 5
Let h be (-292)/(-18) - (-6)/(-27). Let r = 49 - h. Let m = r + -22. List the prime factors of m.
11
Let r = -5 - -10. Let n(t) = t + 6. List the prime factors of n(r).
11
Let v(f) be the first derivative of 2*f**3/3 - 3*f**2/2 - 2*f - 3. Let s be v(-2). Let c = s - 4. List the prime factors of c.
2
Suppose 5*n - m - 3*m = -438, 0 = -n + 3*m - 92. Let k be n/(-8) - (-6)/(-8). Suppose h = 2*h - k. List the prime factors of h.
2, 5
Let d(r) = -2*r**3 + 17*r**2 + r + 1. List the prime factors of d(8).
73
Suppose m = s + 4, s + m - 6 = -0*m. Let d be 0 - s - (-6)/2. Suppose 5*p - d*p = 36. List the prime factors of p.
2, 3
What are the prime factors of (7/(-21)*-12)/((-1)/(-61))?
2, 61
Let l = 6 - 4. Let r(p) = -2 + 1 - 4 + l*p. What are the prime factors of r(6)?
7
Suppose -4 = -5*w + 6. Suppose m + 3 - w = 0. Let q(u) = 3*u**2 + u + 1. What are the prime factors of q(m)?
3
Let s(b) = b**3 + 2*b**2 - 3*b. Let l(i) = 2*i**3 + 3*i**2 - 7*i + 1. Let h(n) = -2*l(n) + 5*s(n). List the prime factors of h(-4).
2
Let c(t) = t**2 - 7*t + 5. Let v(a) = -a**2 - 9*a. Let g be v(-8). What are the prime factors of c(g)?
13
Let o(g) = 5*g**2 + 2*g - 1. List the prime factors of o(4).
3, 29
Suppose -3*c + 3*m + 18 = 0, -2*c - 2*m + 15 = -5*m. Let q be (1/(-3))/(2/(-18)). Suppose 0 = -q*w - 5*r + 14, -5*w = r + c*r - 45. List the prime factors of w.
13
Suppose -433 = -6*h + 875. What are the prime factors of h?
2, 109
Suppose 6*i = 8*i - 108. Suppose 6*m = i + 96. What are the prime factors of m?
5
Suppose -4*h + 4*z = -40, 0 = 4*h + 6*z - 2*z - 8. Suppose 9*g = 11*g - h. List the prime factors of g.
3
Suppose m - 1 = 4. Suppose t - 3*b + 8 = m*t, -2*t + 18 = -2*b. Suppose 0 = -2*y - 4*v - 14, 4*v = -t*y - 0 - 5. What are the prime factors of y?
3
Let t(m) = -2 + 12*m**3 + 16*m - 6*m**2 + 13 + 18*m**3. Let j(k) = 6*k**3 - k**2 + 3*k + 2. Let z(c) = -11*j(c) + 2*t(c). What are the prime factors of z(-1)?
2, 3
Let z(k) = 42*k**2 - 2*k + 1. What are the prime factors of z(-2)?
173
Suppose z = -0*z + 2. Suppose -z = -q - 5. List the prime factors of (-14*q/6)/1.
7
Let o(k) = -4*k + 0*k + 2*k + 3*k + 2. What are the prime factors of o(6)?
2
What are the prime factors of 2*(15/2)/5?
3
Let u be ((-70)/21)/((-2)/(-18)). What are the prime factors of 2/(-12) + (-95)/u?
3
Suppose -3*t - 3 = 0, -4*q + 6*q - 51 = t. What are the prime factors of q?
5
Let n = 9 + -7. Let t = 9 - n. What are the p